Is r prime?
False
Let w = -53 - -53. Suppose -3*v = 3*b - 591, -5*b - 2*v + 4*v + 1020 = w. Is b a composite number?
True
Let y be (-1 - -1)*4/(-12). Suppose -v + 3*q + 56 = 0, -3*q - 1 + 4 = y. Is v prime?
True
Let i = -4587 + 16718. Is i a prime number?
False
Let y(q) = -15*q + 2389*q**2 - 10*q + 397*q**2 + 26*q. Is y(-1) a composite number?
True
Let f(v) = -2*v**3 - 9*v**2 + v - 5. Let s be f(-10). Suppose 2*t - 413 = -5*u, -6*t + t + 5*u = -s. Is t prime?
False
Let d = 10 - 22. Let w(g) = -g + 41. Is w(d) a prime number?
True
Suppose -2*v - 45454 - 19824 = -4*q, 0 = 5*q + 3*v - 81592. Is q a prime number?
True
Suppose 3*w = 2*w + 4. Is (-330)/(-12)*(w + -2) composite?
True
Let k = -1696 - -2850. Is k prime?
False
Let m be 502/(-3)*((-42)/4)/(-7). Is (m/(-3))/((-5)/(-15)) composite?
False
Let u(k) = -k**3 + 17*k**2 - 2*k + 18. Let c be u(13). Let x = 9 + c. Is x composite?
False
Suppose -4779 = 27*x - 57402. Is x composite?
False
Let s = -87 + 93. Let v(z) = 98*z - 25. Is v(s) a prime number?
True
Is -2 + (0 - -1) + 38*24 a composite number?
False
Let n(p) = p**3 + 2*p**2 + 12. Let m be n(-3). Suppose -z + m*j = -40, -2*z - 5*j = 2*z - 194. Is z a composite number?
True
Let j be (-32)/(-6) + 11/(-33). Suppose j*a - 830 = -0*a. Let z = 383 - a. Is z composite?
True
Let s be ((-48)/9)/(-4)*1077. Let o = s - 735. Is o a composite number?
False
Suppose 3*m - 871 = -0*b - 5*b, 2*m - 598 = b. Suppose -2*s - 86 - m = -n, 5*s - 1138 = -3*n. Is n composite?
True
Let u(h) = 4*h**3 + 4*h**2 - 2*h - 4. Let y be u(3). Suppose -4*j + 164 + 64 = 0. Let n = y - j. Is n composite?
True
Let v(s) = -s**3 + 5*s**2 + 2*s - 3. Let u be v(5). Suppose -4*n - 213 = -h, -813 = -u*h + 3*h + 3*n. Is h a prime number?
False
Suppose 4*d - 457458 + 108350 = 0. Is d prime?
True
Suppose 48*c + 87224 = 56*c. Is c composite?
False
Let a(o) = -85*o**3 - o**2 + 2. Let v be a(-2). Suppose -3*t - 3*r = -v - 498, -10 = 2*r. Is t prime?
True
Suppose -2*g = -g, 3*g - 42 = -3*s. Let v(p) = -s - 9*p - 15*p - 15*p. Is v(-13) composite?
True
Let n(r) = 14*r**2 - 161*r - 60. Is n(-43) a composite number?
False
Let p be 10/(-15) - 4/(-6). Suppose 417 = i - 4*l, 3*i - i - 3*l - 824 = p. Is i prime?
True
Suppose 0 = -16*x + 20*x - 4*z - 74408, x - 18587 = -4*z. Is x prime?
False
Let h be (-1)/(((-21)/6)/(-7)). Let o be (1 - 207)/(h/1). Suppose 0 = -3*w + o + 62. Is w composite?
True
Let y(t) = t**2 - 6*t. Let h be y(6). Is (-7)/((-3)/111 + h) prime?
False
Suppose 4*a - 93 = 1395. Let u = -181 + a. Is u a prime number?
True
Suppose -t = -x + 2, 3*x = -5*t + x - 10. Let p be (t/(-4)*8)/2. Suppose -230 = -p*l + 3*g, 5*l + g - 609 = -0*g. Is l composite?
True
Suppose 9*v = 6*v + 369. Is v prime?
False
Suppose -2*q = -2*n, n + 4*q - 15 + 5 = 0. Suppose -2*g + 4170 + 987 = 5*o, n*o - 4*g = 2058. Is o composite?
False
Suppose -23*j = -26*j + 12. Is 32/48 + (6392/6)/j composite?
True
Let l be 32/(-16)*(-541)/(-2). Let p = 1258 + l. Is p prime?
False
Is (-17210)/(-7 + 2) - 9 a prime number?
True
Let h(m) = -79*m**3 + 2*m**2 + 9*m + 7. Let k be h(-3). Suppose -6*o + k + 1115 = 0. Is o prime?
True
Suppose -3*v = 4*u - 8, -u - u + 4 = -3*v. Suppose -u*k = -5*m - 2003, -2*k + 1006 = -k - m. Is k composite?
False
Suppose -4*i = o - 10328, 0*o + 3*o + 10312 = 4*i. Is i prime?
False
Is (-2653)/14*(-2 - 0) prime?
True
Is (2/3 + 0)*9252/24 composite?
False
Suppose 19 = 3*d - s, -16 = -4*d + 5*s + 24. Let j(m) = -38*m + 3*m**2 + 20*m + m**2 + 22*m - 7. Is j(d) prime?
True
Let x = -13 - -3. Let w be 9/1 - (9 - 6). Is (-1906)/x - w/(-15) a prime number?
True
Let r = 1558 + 3335. Suppose -3*u + c + 2938 = 0, -5*u - 2*c = -0*c - r. Is u a composite number?
True
Let z(t) = 41*t**2 - 23*t + 26. Let y(r) be the second derivative of -7*r**4/4 + 2*r**3 - 13*r**2/2 - 11*r. Let b(x) = 5*y(x) + 3*z(x). Is b(4) a prime number?
False
Suppose 448188 = 62*c - 1542074. Is c prime?
False
Let p = -155 + -1. Let l = -85 - p. Suppose -3*a = -2*o - l, o + 4*o = 5*a - 125. Is a a composite number?
True
Suppose -779 = -15*n + 1156. Is n a prime number?
False
Is 29982771/756 + 5/4 a composite number?
True
Let k(f) = 19*f + 1. Let w be k(8). Suppose 3*b = -14 + 26. Suppose b*a = 2*t - t - w, -473 = -3*t - 2*a. Is t a composite number?
False
Suppose 5*g - 2 - 8 = 0, 3*z - 2 = 2*g. Is (-5 + 4)*-1473*z/6 prime?
True
Suppose j + 2*a + 4 = 0, 3*j - 2*j - 4*a = 14. Suppose j*u + 2*u - 2 = -3*n, 2*n - 4*u = 8. Is (1/n)/((-7)/(-1834)) a prime number?
True
Let o = -15042 + 26375. Is o composite?
True
Suppose -24 - 8 = 4*m + 5*w, 3*m - 2*w = -24. Let o = m - -43. Is o prime?
False
Let i(q) be the second derivative of 35*q**4/3 + q**3/6 - 392*q. Let j = 2 + -3. Is i(j) composite?
False
Suppose -5*o + 2610 = 5*l, -8 + 2 = 2*l. Let c = 1602 - o. Is c prime?
False
Is -20 - -23 - (-2 + -2 + -8919) composite?
True
Let u = 23855 + -16908. Is u composite?
False
Let p be 5 + -2 - (0 - 1). Suppose 2*r = 3*r - p. Suppose 0*f - 2338 = -5*h + 3*f, 5*f = r*h - 1873. Is h a composite number?
False
Suppose -12*h = 11*h - 150351. Is h a composite number?
True
Let k be (26/6)/((-3)/(-396)). Suppose 3*c - k = 145. Is c composite?
False
Let i(m) be the third derivative of -m**6/60 - m**5/12 - 7*m**4/24 - 5*m**3/6 + 15*m**2. Is i(-5) a composite number?
True
Let k(h) = h + 17. Let a be k(-12). Suppose a*r = -3*n + 816, -4*n - n - 840 = -5*r. Suppose 3*v = 0, -y + 572 = 2*v + r. Is y composite?
True
Let z(b) = 31632*b**3 + 3*b**2 + b - 3. Is z(1) composite?
True
Let b(y) = -y**2 + 13*y + 1. Let c be b(13). Let s(w) = c + 45*w - 2 - 6. Is s(8) prime?
True
Suppose 3*m + 0*m - 3*u = 117738, 0 = 2*m + 5*u - 78527. Is m prime?
True
Let z(w) = -3700*w + 11. Is z(-2) prime?
True
Suppose 0 = -5*w - 0*w + 60. Suppose 2*v + 4 = w. Suppose -z = -45 - v. Is z composite?
True
Let n(s) be the first derivative of -25*s**2/2 - 2*s + 4. Let p(l) = 24*l + 3. Let a(i) = -2*n(i) - 3*p(i). Is a(-6) a composite number?
False
Let c = -433 + 931. Suppose -k = -3*k + c. Suppose k - 29 = 4*a. Is a composite?
True
Let q(f) = -44*f**3 - 15*f**2 - 17*f - 35. Is q(-10) prime?
False
Suppose 2*y - 3*b - 61 = y, -y = 2*b - 36. Let i(l) = -9*l + 3. Let p be i(-9). Suppose p = 5*j - y. Is j composite?
True
Let m(y) = 7*y**3 - 45*y**2 - 8*y + 23. Is m(14) a prime number?
False
Suppose 5*m = 6*m + 86. Let f = m - -253. Is f a prime number?
True
Let w be 11/88 - 4/32. Suppose 0 = q + 5*p - 2, 3*q - p = -21 - 21. Let r = w - q. Is r composite?
False
Is (0 - (-1 + 2))/(99/(-1486287)) prime?
True
Let c = -17 - -19. Suppose -c*i - 4*i = -1422. Is i prime?
False
Suppose k - 6 = -2*k. Is (-674)/(((-4)/12)/(k/12)) prime?
True
Is 10744/16 + (-9)/(-6) prime?
True
Suppose 3*k - 35167 = -2*r, 3*r + 2*r + 46851 = 4*k. Is k prime?
True
Suppose -28008 = -5*b - 5093. Is b a composite number?
False
Suppose 0 = v - 28*v + 815049. Is v a composite number?
False
Let c be 344/120 - (-2)/15. Suppose -c*n + 1900 = 2*n. Is 7/21*(1 + n) a composite number?
False
Suppose -4*u = 9*u + 91. Is (2 - -468) + (u - -6) a prime number?
False
Suppose 0 = -b - 4*j - 10, 6*j = -2*b + j - 17. Let u = -3 - b. Suppose -514 = f - u*f. Is f a composite number?
False
Let q(d) = 12*d + 4*d**3 - 3*d**3 - 4*d**3 + 4*d**3 - 13*d**2 - 5. Let k be q(12). Is k/((-20)/(-328))*-1 composite?
True
Let z = 1856 + 591. Is z prime?
True
Suppose -37718 - 127892 = -10*k. Is k prime?
True
Suppose 15 = b - 470. Suppose -b = -4*l - l. Suppose 0 = 3*d + 3, h - 59 = d + l. Is h prime?
False
Suppose -5*x + 1 = -24. Suppose x*w = -3*f + 381, -5*f - 94 = -w - 701. Is f a prime number?
False
Let m(a) = 80*a**3 + 3*a - 81*a**3 + 6*a**2 - 6 - 3*a**2. Let l = -3 - 2. Is m(l) a prime number?
True
Suppose -3*x + 4*p + 1009 = 0, -p = x + p - 323. Is (-6)/4*(8 + -3 - x) a prime number?
False
Is (-1)/(2*25805/(-51605) - -1) composite?
False
Suppose 42*t = 46*t - 73652. Is t a composite number?
False
Let p(u) = 290*u**2 + 8*u - 27. Is p(4) a composite number?
True
Let p(c) = 2316*c + 6. Let l be p(6). Suppose -4*d = 2*d - l. Is d a prime number?
False
Is (-12)/9 + 68555/15 prime?
False
Suppose -2*q = 2*a - 14, 0*q = -q + a - 1. Suppose 0 = 2*j - q*l + 3, -2*l + 3 = 5*j - 6*j. Suppose p - 3 = 0, -j*c - p + 27 + 135 = 0. Is c a composite number?
False
Suppose -4*d = -2*d + 